*p = -8039, 10*p - 9*p = -5*n + 13403. List the prime factors of n.
7, 383
Let z(d) = -d**2 + 83. Let n(u) = -2*u**2 + 15*u - 7. Let o be n(7). What are the prime factors of z(o)?
83
Let q(k) = 2*k - 29. Let a be q(0). Let h = a + 71. Suppose 3*u - h = u. List the prime factors of u.
3, 7
Suppose -w - 69 = -1081. Suppose -w = -5*p - 402. What are the prime factors of p?
2, 61
Suppose 0 = n - 4*g - 2102, -g - 4*g = 2*n - 4139. Suppose -3*x - 1673 = x + 5*m, 3*m - n = 5*x. What are the prime factors of x/(-12) + 2/8?
5, 7
Let w be 8 - 9 - (0 - 0). Let i = w + 1. Suppose i = 2*a - a - 19. What are the prime factors of a?
19
Suppose -3*j + 5*m + 2437 = -3724, -10315 = -5*j - m. List the prime factors of j.
2, 1031
Let y be ((-4)/3 - 0)*-9. List the prime factors of (-5)/20 - (-831)/y.
3, 23
Suppose -2*u + 3*m + 12 = 0, -u - 8*m = -3*m + 7. Let b(h) = -2*h**3 - h**2 + 1. Let x be b(-1). List the prime factors of 4 - (u - 72/x).
37
Let f(c) = -42*c - 3. Let o be f(-2). Suppose 4*u - 7*u + o = 0. List the prime factors of u.
3
Suppose 1561 = 9*z - 5945. What are the prime factors of z?
2, 3, 139
List the prime factors of ((-794)/(-3))/((-92)/(-138)).
397
Suppose 0 = -4*s + 9*s. Suppose 2*o - 3*l + 39 - 15 = s, -3*l + 9 = -o. Let n = 22 + o. List the prime factors of n.
7
Let a = 1059 - 969. List the prime factors of a.
2, 3, 5
Suppose -7*u = -3*u - 340. Let j = u - 49. What are the prime factors of j?
2, 3
Suppose 0 = 19*h - 41*h + 16038. List the prime factors of h.
3
Let j(w) be the first derivative of 13*w**3/3 + 2*w**2 - 13*w - 10. What are the prime factors of j(3)?
2, 29
Let k(n) = -n**3 + 15*n**2 + 7*n - 59. List the prime factors of k(12).
457
Let o = -323 - -838. What are the prime factors of o?
5, 103
Let v(u) be the second derivative of u**4/12 + u**3 + 2*u**2 + 3*u. Let g = -15 - -9. What are the prime factors of v(g)?
2
Let i(t) = 325*t - 827. What are the prime factors of i(8)?
3, 197
Let x be 8894/8 + 10/40. Suppose -5*q + 13*q = x. List the prime factors of q.
139
Let j be 10/35 + (-80)/(-14). Suppose -3*n + 640 = b, n = j*n + 3*b - 1060. Suppose -5*d = -0*d - n. List the prime factors of d.
43
Suppose -6*j = -234 - 522. Suppose -3*c = -a + 102, 0*a + 3*c = -a + j. List the prime factors of a.
2, 3, 19
Let c = -28 - -474. What are the prime factors of c?
2, 223
Let n = -3197 + 6027. List the prime factors of n.
2, 5, 283
Suppose -2*w = -7*w + 30. Let y = w + -3. Suppose 2*z + 3*z + 4*p = 54, -34 = -y*z - 4*p. List the prime factors of z.
2, 5
List the prime factors of 775880/210 - 4/6.
2, 1847
What are the prime factors of (0 - 982/8)*(-348)/87?
491
Let n(t) = 177*t**3 - t**2 - t + 1. Let h be n(1). Let r = h - 118. List the prime factors of r.
2, 29
Suppose -24*k + 23*k = -576. What are the prime factors of k?
2, 3
Let r(t) = -2*t - 7. Let d = -9 + 2. Let k be r(d). What are the prime factors of 2/k - 654/(-14)?
47
Let c be (2/(-6))/((-2)/36). Suppose o - l = c*o + 3, -3*o - 7 = -2*l. List the prime factors of (0 + o)*(-1 + -4).
5
Let r be (0 + -33)*(-592)/6. Suppose -17*c = -6*c - r. List the prime factors of c.
2, 37
Let w(t) = t**3 + 3*t**2 - 8*t - 12. Let j be w(-4). Suppose -5*r + 2*m = 5*m - 1500, -2*m = j*r - 1200. What are the prime factors of r?
2, 3, 5
List the prime factors of (-23532)/(-156) - (-4)/26.
151
Let j = -100 - -156. List the prime factors of j.
2, 7
Let o be (45/(-6) - -2) + (-4)/(-8). Let y(a) = a**2 - 3*a - 4. What are the prime factors of y(o)?
2, 3
Let z = -1 - -6. Let s = z + 9. Suppose 5*x - 9 = -3*n, 5*n - 3*x - s - 1 = 0. List the prime factors of n.
3
Let k = 2852 - 1059. What are the prime factors of k?
11, 163
Let z be 3*(-3)/(3*-3). Let d be (-4*z)/((-2)/4). Suppose -d = 3*f - 32. What are the prime factors of f?
2
Let w be -14 + -7 + (-6)/(-2). Let g = w + 14. What are the prime factors of 4/(g/3) + 22?
19
Let p = 6460 + -3603. What are the prime factors of p?
2857
Let p(n) = -n**2 + 5*n + 2. Let h be p(5). Suppose -3*j = h*u - 64, -j + u - 2*u = -21. List the prime factors of j.
2, 11
Let m = -657 - -1002. What are the prime factors of m?
3, 5, 23
Let m(d) = d**3 - 5*d**2 + 3*d - 15. Let c(s) = -2*s + 16. Let z be c(5). List the prime factors of m(z).
3, 13
Suppose 2450 = -7*h + 14*h. List the prime factors of h.
2, 5, 7
Suppose -2*o - 3*o + 3610 = -2*c, -5*o + 3595 = -5*c. What are the prime factors of o?
2, 181
Let i = 879 - 351. What are the prime factors of i?
2, 3, 11
Suppose -5926 - 47864 = -30*y. List the prime factors of y.
11, 163
Suppose -4*c = -5*s - 9, 0*c = -5*s - 2*c - 3. Let v = s + -41. Let f = v - -70. List the prime factors of f.
2, 7
Let r(p) = p**3 - 8*p**2 + 13*p + 2. Let u be r(9). List the prime factors of ((-42)/5)/((-8)/u).
2, 3, 5, 7
Let u be ((-2)/(-6))/((-3)/9). Let x be u + (3 - 1 - -2). List the prime factors of 0 - (x - 54*1).
3, 17
Suppose 2*b - 4107 = k, 4*b - 8604 = -5*k - 369. What are the prime factors of b?
3, 5, 137
Let g(m) = 5*m**3 + m**2 - 3*m - 1. Let u(s) = -11*s**3 - 2*s**2 + 7*s + 3. Let t(y) = -13*g(y) - 6*u(y). List the prime factors of t(6).
157
Suppose n - 4 = 0, 0*n - 3*n + 9 = -s. Let u be (2 - s/3) + -25. What are the prime factors of (80/u)/((-2)/3)?
5
Let a(w) = 1514*w + 73. List the prime factors of a(3).
5, 13, 71
Let l = 837 + 46. List the prime factors of l.
883
Suppose 5*w - 4*d = -0*d + 140, 3*w + 5*d = 47. What are the prime factors of (-2 - -4) + w/1?
2, 13
Suppose 4*f + 24 - 92 = 0. Suppose -7*z + f = -67. What are the prime factors of z?
2, 3
Let h be (0/(1/1))/1. Suppose h = -f + 3*f + 2. List the prime factors of 41 - (4/f - -8).
37
Let c = 41 - 34. Suppose 5*d = 4*y - 2*y + 27, -2*d + 8 = 2*y. What are the prime factors of (c - 12)/(1/y)?
5
Suppose -1221 = z - 4*z + 4*b, 3*z - 1248 = -5*b. Suppose -g - 2*g - 3*y = -z, g - 2*y = 128. What are the prime factors of g?
2, 67
Let p(v) = -10*v**2 - 87*v**3 - 6*v + 42*v**3 + 6 + 43*v**3. List the prime factors of p(-6).
2, 3, 19
Let m = -266 - -225. Let p = -42 + 112. Let y = p + m. What are the prime factors of y?
29
Let v(a) = -64*a + 58. What are the prime factors of v(-8)?
2, 3, 5, 19
Suppose -2*o - 5*i + 8484 = 0, 0*o + 4244 = o + 3*i. What are the prime factors of o?
2, 23
Let z = 17 - 13. Suppose -z*d = 4*v + 10 - 46, 0 = -4*v + 20. What are the prime factors of -1*20/d*-6?
2, 3, 5
Suppose 2*j - 9 = -u, -u + 4 - 1 = -j. Suppose -u*s + 74 = g, 0*g - 2*g = 2*s - 36. List the prime factors of s.
2, 7
Suppose -5*o - 15 = -0*o. List the prime factors of (2/o)/((-4)/594).
3, 11
Let h(f) = 3*f**3 + f**2 + f - 1. Let p be h(2). Suppose -2*m - 2*v - 3*v = -p, 2*v - 2 = 4*m. What are the prime factors of (46/4)/(1/m)?
23
Let x(s) = 12*s**2 - 7*s + 2. Suppose -15 = -k - 4*k. Let v be x(k). Let i = -10 + v. What are the prime factors of i?
79
List the prime factors of ((-55)/15)/(-1*(-1)/(-123)).
11, 41
Let c(z) = -86*z + 251. What are the prime factors of c(-12)?
1283
Let h be 1*(3/6 + (-63)/14). Let v(p) = -1 - 1 + 3 + 2*p**2. List the prime factors of v(h).
3, 11
Let l = -333 + 1189. List the prime factors of l.
2, 107
Let b = 37 - 31. Suppose -3*t - 2*g = b - 184, -t - 4*g + 76 = 0. Suppose 4*j + r - t = 0, 3*j - 5*r = -6*r + 43. What are the prime factors of j?
13
Let n(q) = 3*q - 16. Let s be n(14). Let a = 28 - s. List the prime factors of 26 + a + (4 - 0).
2
Let a = -88 + 97. Suppose 0 = -4*n + 5*n - 2. Suppose n*g - 7*g = -k - a, 0 = 5*k - g - 27. List the prime factors of k.
2, 3
Suppose 630 + 78 = 6*y. What are the prime factors of y?
2, 59
Let y be 1 - (-2 + -5 - -3 - -1). Suppose 0 = y*q - q - 234. What are the prime factors of q?
2, 3, 13
Suppose -51*z + 50 = -56*z. Let n(q) = q**2 - 5*q - 29. What are the prime factors of n(z)?
11
Let s = -65 + 115. Suppose 0 = 3*j - s - 4. Suppose -j - 40 = -2*r. What are the prime factors of r?
29
Suppose -u - 10 = 5*x + 4*u, -25 = -5*x + 2*u. Suppose -3*w - 4*i - 3 = -1, 2*w + x*i = -2. What are the prime factors of w?
2
Let c(k) = k**2 + k - 17. Let f = 63 - 52. What are the prime factors of c(f)?
5, 23
Let t = 478 + -319. What are the prime factors of t?
3, 53
Suppose -42*x + 16140 = -12*x. List the prime factors of x.
2, 269
Let c = 607 - 214. What are the prime factors of c?
3, 131
Let p = -8032 - -11263. What are the prime factors o